{"id":21,"date":"2018-07-16T23:06:45","date_gmt":"2018-07-16T21:06:45","guid":{"rendered":"https:\/\/laguinguette.ch\/2018\/?page_id=21"},"modified":"2022-07-07T23:39:47","modified_gmt":"2022-07-07T21:39:47","slug":"contact","status":"publish","type":"page","link":"https:\/\/laguinguette.ch\/2022\/contact\/","title":{"rendered":"Contact"},"content":{"rendered":"<!--themify_builder_content-->\n<div id=\"themify_builder_content-21\" data-postid=\"21\" class=\"themify_builder_content themify_builder_content-21 themify_builder tf_clear\">\n    \t<!-- module_row -->\n\t<div  data-lazy=\"1\" class=\"module_row themify_builder_row tb_46f4ab2 tb_first tf_clearfix\">\n\t    \t\t<div class=\"row_inner col_align_top col-count-2 tf_box tf_w tf_rel\">\n\t\t\t<div  data-lazy=\"1\" class=\"module_column tb-column col4-2 first tb_74f6bf4 tf_box\">\n\t\t\t    \t        <div class=\"tb-column-inner tf_box tf_w\">\n\t\t    <!-- module text -->\n<div  class=\"module module-text tb_300e9ef  repeat \" data-lazy=\"1\">\n        <div  class=\"tb_text_wrap\">\n    <p><strong>Association La Guinguette<\/strong><br \/>En Veytay<br \/>1295 Mies<\/p><p><a href=\"mailto:info@laguinguette.ch\">info@laguinguette.ch<\/a><\/p>    <\/div>\n<\/div>\n<!-- \/module text -->\t        <\/div>\n\t    \t<\/div>\n\t\t<div  data-lazy=\"1\" class=\"module_column tb-column col4-2 last tb_56ae94c tf_box\">\n\t\t\t    \t        <div class=\"tb-column-inner tf_box tf_w\">\n\t\t    <!-- module text -->\n<div  class=\"module module-text tb_a14c9c0  repeat \" data-lazy=\"1\">\n        <div  class=\"tb_text_wrap\">\n    <h4><strong>ORGANISATION<\/strong><\/h4><p><strong>Direction g\u00e9n\u00e9rale<\/strong><br \/>Massimo Borean<\/p><p><strong>Vice-pr\u00e9sidente<\/strong><br \/>Patricia Brueggler<\/p><p><strong>Direction artistique, coordination g\u00e9n\u00e9rale, communication<\/strong><br \/>Elise Gaud de Buck<\/p><p><strong>D\u00e9coration et logistique<\/strong><br \/>Yves Luginb\u00fchl<\/p><p><strong>Tr\u00e9sorier et logistique<\/strong><br \/>Peter Brueggler<\/p><p><strong>Responsable restauration<\/strong><br \/>Philippe Meier<\/p><p><strong>Responsable buvettes<\/strong><br \/>T\u00e9o Lanzilotto<\/p><p><strong>Programmation musique, web, billetterie<\/strong><br \/>David de Buck<\/p><p><strong>Secr\u00e9taire<\/strong><br \/>Paola Mascali<\/p><h4><strong>B\u00c9N\u00c9VOLES<\/strong><\/h4><p>Envie de donner un coup de main?<br \/><a href=\"mailto:info@laguinguette.ch\">info@laguinguette.ch<\/a><\/p>    <\/div>\n<\/div>\n<!-- \/module text -->\t        <\/div>\n\t    \t<\/div>\n\t\t    <\/div>\n\t    <!-- \/row_inner -->\n\t<\/div>\n\t<!-- \/module_row -->\n\t<\/div>\n<!--\/themify_builder_content-->","protected":false},"excerpt":{"rendered":"<p>Association La GuinguetteEn Veytay1295 Mies info@laguinguette.ch ORGANISATION Direction g\u00e9n\u00e9raleMassimo Borean Vice-pr\u00e9sidentePatricia Brueggler Direction artistique, coordination g\u00e9n\u00e9rale, communicationElise Gaud de Buck D\u00e9coration et logistiqueYves Luginb\u00fchl Tr\u00e9sorier et logistiquePeter Brueggler Responsable restaurationPhilippe Meier Responsable buvettesT\u00e9o Lanzilotto Programmation musique, web, billetterieDavid de Buck Secr\u00e9tairePaola Mascali B\u00c9N\u00c9VOLES Envie de donner un coup de main?info@laguinguette.ch<\/p>\n","protected":false},"author":1,"featured_media":0,"parent":0,"menu_order":0,"comment_status":"closed","ping_status":"closed","template":"","meta":{"_monsterinsights_skip_tracking":false,"_monsterinsights_sitenote_active":false,"_monsterinsights_sitenote_note":"","_monsterinsights_sitenote_category":0,"footnotes":""},"_links":{"self":[{"href":"https:\/\/laguinguette.ch\/2022\/wp-json\/wp\/v2\/pages\/21"}],"collection":[{"href":"https:\/\/laguinguette.ch\/2022\/wp-json\/wp\/v2\/pages"}],"about":[{"href":"https:\/\/laguinguette.ch\/2022\/wp-json\/wp\/v2\/types\/page"}],"author":[{"embeddable":true,"href":"https:\/\/laguinguette.ch\/2022\/wp-json\/wp\/v2\/users\/1"}],"replies":[{"embeddable":true,"href":"https:\/\/laguinguette.ch\/2022\/wp-json\/wp\/v2\/comments?post=21"}],"version-history":[{"count":29,"href":"https:\/\/laguinguette.ch\/2022\/wp-json\/wp\/v2\/pages\/21\/revisions"}],"predecessor-version":[{"id":1103,"href":"https:\/\/laguinguette.ch\/2022\/wp-json\/wp\/v2\/pages\/21\/revisions\/1103"}],"wp:attachment":[{"href":"https:\/\/laguinguette.ch\/2022\/wp-json\/wp\/v2\/media?parent=21"}],"curies":[{"name":"wp","href":"https:\/\/api.w.org\/{rel}","templated":true}]}}