{"id":21,"date":"2018-07-16T23:06:45","date_gmt":"2018-07-16T21:06:45","guid":{"rendered":"https:\/\/laguinguette.ch\/2018\/?page_id=21"},"modified":"2026-04-09T09:37:32","modified_gmt":"2026-04-09T07:37:32","slug":"contact","status":"publish","type":"page","link":"https:\/\/laguinguette.ch\/2025\/contact\/","title":{"rendered":"Contact"},"content":{"rendered":"<!--themify_builder_content-->\n<div id=\"themify_builder_content-21\" data-postid=\"21\" class=\"themify_builder_content themify_builder_content-21 themify_builder tf_clear\">\n                    <div  data-lazy=\"1\" class=\"module_row themify_builder_row tb_46f4ab2 tb_first tf_w\">\n                        <div class=\"row_inner col_align_top tb_col_count_2 tf_box tf_rel\">\n                        <div  data-lazy=\"1\" class=\"module_column tb-column col4-2 tb_74f6bf4 first\">\n                    <!-- module text -->\n<div  class=\"module module-text tb_300e9ef   \" data-lazy=\"1\">\n        <div  class=\"tb_text_wrap\">\n        <p><strong>Association La Guinguette<\/strong><br>Chemin des Grandes Vignes 1<br>1295 Mies<\/p>\n<p><a href=\"mailto:info@laguinguette.ch\">info@laguinguette.ch<\/a><\/p>    <\/div>\n<\/div>\n<!-- \/module text -->        <\/div>\n                    <div  data-lazy=\"1\" class=\"module_column tb-column col4-2 tb_56ae94c last\">\n                    <!-- module text -->\n<div  class=\"module module-text tb_a14c9c0   \" data-lazy=\"1\">\n        <div  class=\"tb_text_wrap\">\n        <h4><strong>ORGANISATION<\/strong><\/h4>\n<p><strong>Direction g\u00e9n\u00e9rale<\/strong><br>Patricia Br\u00fcggler<\/p>\n<p><strong>Vice-pr\u00e9sidente<\/strong><br>Elise Gaud de Buck<\/p>\n<p><strong>Direction artistique et communication<\/strong><br>Elise Gaud de Buck<\/p>\n<p><strong>Secr\u00e9taire<\/strong><br>Paola Mascali<\/p>\n<p><strong>Logistique et infrastructure<br><\/strong>Peter Br\u00fcggler<\/p>\n<p><strong>Tr\u00e9sorier<\/strong><br>Jacques Vollenweider<\/p>\n<p><strong>Responsable restauration<\/strong><br>Philippe Meier<\/p>\n<p><strong>Responsable buvettes<br><\/strong>Peter Br\u00fcggler<\/p>\n<p><strong>Web et musique<\/strong><br>David de Buck<\/p>\n<p><strong>\u00a0<\/strong><\/p>\n<h4><strong>B\u00c9N\u00c9VOLES<\/strong><\/h4>\n<p>Envie de donner un coup de main?<br><a href=\"mailto:info@laguinguette.ch\">info@laguinguette.ch<\/a><\/p>    <\/div>\n<\/div>\n<!-- \/module text -->        <\/div>\n                        <\/div>\n        <\/div>\n        <\/div>\n<!--\/themify_builder_content-->","protected":false},"excerpt":{"rendered":"<p>Association La GuinguetteChemin des Grandes Vignes 11295 Mies info@laguinguette.ch ORGANISATION Direction g\u00e9n\u00e9ralePatricia Br\u00fcggler Vice-pr\u00e9sidenteElise Gaud de Buck Direction artistique et communicationElise Gaud de Buck Secr\u00e9tairePaola Mascali Logistique et infrastructurePeter Br\u00fcggler Tr\u00e9sorierJacques Vollenweider Responsable restaurationPhilippe Meier Responsable buvettesPeter Br\u00fcggler Web et musiqueDavid de Buck \u00a0 B\u00c9N\u00c9VOLES Envie de donner un coup de main?info@laguinguette.ch<\/p>\n","protected":false},"author":1,"featured_media":0,"parent":0,"menu_order":0,"comment_status":"closed","ping_status":"closed","template":"","meta":{"_monsterinsights_skip_tracking":false,"_monsterinsights_sitenote_active":false,"_monsterinsights_sitenote_note":"","_monsterinsights_sitenote_category":0,"footnotes":""},"class_list":["post-21","page","type-page","status-publish","hentry","has-post-title","has-post-date","has-post-category","has-post-tag","has-post-comment","has-post-author",""],"_links":{"self":[{"href":"https:\/\/laguinguette.ch\/2025\/wp-json\/wp\/v2\/pages\/21","targetHints":{"allow":["GET"]}}],"collection":[{"href":"https:\/\/laguinguette.ch\/2025\/wp-json\/wp\/v2\/pages"}],"about":[{"href":"https:\/\/laguinguette.ch\/2025\/wp-json\/wp\/v2\/types\/page"}],"author":[{"embeddable":true,"href":"https:\/\/laguinguette.ch\/2025\/wp-json\/wp\/v2\/users\/1"}],"replies":[{"embeddable":true,"href":"https:\/\/laguinguette.ch\/2025\/wp-json\/wp\/v2\/comments?post=21"}],"version-history":[{"count":42,"href":"https:\/\/laguinguette.ch\/2025\/wp-json\/wp\/v2\/pages\/21\/revisions"}],"predecessor-version":[{"id":1668,"href":"https:\/\/laguinguette.ch\/2025\/wp-json\/wp\/v2\/pages\/21\/revisions\/1668"}],"wp:attachment":[{"href":"https:\/\/laguinguette.ch\/2025\/wp-json\/wp\/v2\/media?parent=21"}],"curies":[{"name":"wp","href":"https:\/\/api.w.org\/{rel}","templated":true}]}}

<!--themify_builder_content-->
<div id="themify_builder_content-21" data-postid="21" class="themify_builder_content themify_builder_content-21 themify_builder tf_clear">
                    <div  data-lazy="1" class="module_row themify_builder_row tb_46f4ab2 tb_first tf_w">
                        <div class="row_inner col_align_top tb_col_count_2 tf_box tf_rel">
                        <div  data-lazy="1" class="module_column tb-column col4-2 tb_74f6bf4 first">
                    <!-- module text -->
<div  class="module module-text tb_300e9ef   " data-lazy="1">
        <div  class="tb_text_wrap">
        <p><strong>Association La Guinguette</strong><br>Chemin des Grandes Vignes 1<br>1295 Mies</p>
<p><a href="mailto:info@laguinguette.ch">info@laguinguette.ch</a></p>    </div>
</div>
<!-- /module text -->        </div>
                    <div  data-lazy="1" class="module_column tb-column col4-2 tb_56ae94c last">
                    <!-- module text -->
<div  class="module module-text tb_a14c9c0   " data-lazy="1">
        <div  class="tb_text_wrap">
        <h4><strong>ORGANISATION</strong></h4>
<p><strong>Direction générale</strong><br>Patricia Brüggler</p>
<p><strong>Vice-présidente</strong><br>Elise Gaud de Buck</p>
<p><strong>Direction artistique et communication</strong><br>Elise Gaud de Buck</p>
<p><strong>Secrétaire</strong><br>Paola Mascali</p>
<p><strong>Logistique et infrastructure<br></strong>Peter Brüggler</p>
<p><strong>Trésorier</strong><br>Jacques Vollenweider</p>
<p><strong>Responsable restauration</strong><br>Philippe Meier</p>
<p><strong>Responsable buvettes<br></strong>Peter Brüggler</p>
<p><strong>Web et musique</strong><br>David de Buck</p>
<p><strong> </strong></p>
<h4><strong>BÉNÉVOLES</strong></h4>
<p>Envie de donner un coup de main?<br><a href="mailto:info@laguinguette.ch">info@laguinguette.ch</a></p>    </div>
</div>
<!-- /module text -->        </div>
                        </div>
        </div>
        </div>
<!--/themify_builder_content-->

<p>Association La GuinguetteChemin des Grandes Vignes 11295 Mies info@laguinguette.ch ORGANISATION Direction généralePatricia Brüggler Vice-présidenteElise Gaud de Buck Direction artistique et communicationElise Gaud de Buck SecrétairePaola Mascali Logistique et infrastructurePeter Brüggler TrésorierJacques Vollenweider Responsable restaurationPhilippe Meier Responsable buvettesPeter Brüggler Web et musiqueDavid de Buck   BÉNÉVOLES Envie de donner un coup de main?info@laguinguette.ch</p>
