{"id":546,"date":"2018-10-08T22:03:57","date_gmt":"2018-10-08T20:03:57","guid":{"rendered":"https:\/\/laguinguette.ch\/2018\/?page_id=546"},"modified":"2025-06-27T14:30:19","modified_gmt":"2025-06-27T12:30:19","slug":"quest-ce-quon-mange","status":"publish","type":"page","link":"https:\/\/laguinguette.ch\/2025\/quest-ce-quon-mange\/","title":{"rendered":"Qu&rsquo;est-ce qu&rsquo;on mange?"},"content":{"rendered":"<!--themify_builder_content-->\n<div id=\"themify_builder_content-546\" data-postid=\"546\" class=\"themify_builder_content themify_builder_content-546 themify_builder tf_clear\">\n                    <div  data-lazy=\"1\" class=\"module_row themify_builder_row tb_e931cd3 tb_first tf_w\">\n                        <div class=\"row_inner col_align_top tb_col_count_1 tf_box tf_rel\">\n                        <div  data-lazy=\"1\" class=\"module_column tb-column col-full tb_d8d0ec2 first\">\n                    <!-- module text -->\n<div  class=\"module module-text tb_cf53fcb   \" data-lazy=\"1\">\n        <div  class=\"tb_text_wrap\">\n        <h3>Quel est le menu\u2009?<\/h3>\n<div>Pour cette Guinguette, pr\u00e9parez-vous \u00e0 un vrai festin !\u00a0<\/div>\n<div>\u00a0<\/div>\n<div>Au menu, vous trouverez le d\u00e9licieux chorip\u00e1n, un sandwich argentin avec de la viande grill\u00e9e dans un pain croustillant. Pour les fans de saveurs sud-am\u00e9ricaines, les empanadas seront incontournables. Les fameuses planchettes\u00a0de la Guinguette seront disponibles au bar. Pour vous rafra\u00eechir, le bar La Boh\u00e8me proposera des cocktails faits maison qui feront le bonheur de vos papilles.<\/div>\n<div>\u00a0<\/div>\n<div>\n<p>Venez profiter de ce festin convivial et gourmand !<br><br>Au menu<\/p>\n<div>\n<ul class=\"\">\n<li>Planchettes ap\u00e9ro Guinguette<br>\n<ul class=\"\">\n<li>Lard de Begnins, saucisson vaudois, saucisson sec, Gruy\u00e8res AOP et tomme vaudoise<\/li>\n<\/ul>\n<\/li>\n<li>Empanadas argentina<br>\n<ul class=\"\">\n<li>Pulled pork<\/li>\n<li>Epinards au fromage<\/li>\n<li>Ma\u00efs Humita<\/li>\n<\/ul>\n<\/li>\n<li>Hot chorizo criollo argentin au chimichurri<\/li>\n<li>Asado de boeuf Angus, frites \u00e0 la belge, sauce chimichurri ou caf\u00e9 de Paris-Guinguette<\/li>\n<li>Hot-dog enfants<\/li>\n<li>Tartes aux pommes<\/li>\n<\/ul>\n<\/div>\n<\/div>    <\/div>\n<\/div>\n<!-- \/module text -->        <\/div>\n                        <\/div>\n        <\/div>\n        <\/div>\n<!--\/themify_builder_content-->","protected":false},"excerpt":{"rendered":"<p>Quel est le menu\u2009? Pour cette Guinguette, pr\u00e9parez-vous \u00e0 un vrai festin !\u00a0 \u00a0 Au menu, vous trouverez le d\u00e9licieux chorip\u00e1n, un sandwich argentin avec de la viande grill\u00e9e dans un pain croustillant. Pour les fans de saveurs sud-am\u00e9ricaines, les empanadas seront incontournables. Les fameuses planchettes\u00a0de la Guinguette seront disponibles au bar. Pour vous rafra\u00eechir, [&hellip;]<\/p>\n","protected":false},"author":1,"featured_media":0,"parent":0,"menu_order":0,"comment_status":"closed","ping_status":"closed","template":"","meta":{"_monsterinsights_skip_tracking":false,"_monsterinsights_sitenote_active":false,"_monsterinsights_sitenote_note":"","_monsterinsights_sitenote_category":0,"footnotes":""},"class_list":["post-546","page","type-page","status-publish","hentry","has-post-title","has-post-date","has-post-category","has-post-tag","has-post-comment","has-post-author",""],"_links":{"self":[{"href":"https:\/\/laguinguette.ch\/2025\/wp-json\/wp\/v2\/pages\/546","targetHints":{"allow":["GET"]}}],"collection":[{"href":"https:\/\/laguinguette.ch\/2025\/wp-json\/wp\/v2\/pages"}],"about":[{"href":"https:\/\/laguinguette.ch\/2025\/wp-json\/wp\/v2\/types\/page"}],"author":[{"embeddable":true,"href":"https:\/\/laguinguette.ch\/2025\/wp-json\/wp\/v2\/users\/1"}],"replies":[{"embeddable":true,"href":"https:\/\/laguinguette.ch\/2025\/wp-json\/wp\/v2\/comments?post=546"}],"version-history":[{"count":36,"href":"https:\/\/laguinguette.ch\/2025\/wp-json\/wp\/v2\/pages\/546\/revisions"}],"predecessor-version":[{"id":1515,"href":"https:\/\/laguinguette.ch\/2025\/wp-json\/wp\/v2\/pages\/546\/revisions\/1515"}],"wp:attachment":[{"href":"https:\/\/laguinguette.ch\/2025\/wp-json\/wp\/v2\/media?parent=546"}],"curies":[{"name":"wp","href":"https:\/\/api.w.org\/{rel}","templated":true}]}}